27 + 28. Suppose s - 2 - p = 0. What is j(s)?
2
Let d(u) = -u - 1. Let w(a) = a**2 - 10*a - 6. Let g be w(11). Suppose 0 = -4*r + q - 27, -4*r = 3*q + g + 10. Calculate d(r).
5
Suppose 0 = -6*g + 11*g + 30. Let x = -10 - g. Let s be ((-51)/34)/((-3)/x). Let j(w) = -w**3 - 2*w**2 + w - 2. What is j(s)?
-4
Let x(u) = -4 - 57*u + 21*u + 19*u + 16*u. Suppose 5 = 3*g - 4. What is x(g)?
-7
Let u be (3*4)/(((-160)/130)/8). Let d = 78 + u. Let h(y) be the second derivative of y**4/12 - 3*y**2 + y. Calculate h(d).
-6
Let r(h) = -23 + 3 + 9 + 10*h - 3*h + 10. Let c be (-4)/14 + 16/7. Suppose -c*b = 3*b + 5. Calculate r(b).
-8
Let s(m) = m - 11. Let t be s(13). Let y(x) = x**2 - 6*x**t - 9 + 10 - 11*x**2. Give y(-1).
-15
Let h(q) = -3*q**3 - q**2 + q - 2. Let j(f) = -16*f**3 - 2*f**2 + 12*f - 8. Let w(y) = -5*h(y) + j(y). Calculate w(5).
-13
Let y(u) = -u**3 + 4*u**2 + 4*u + 7. Let d = -2 + 34. Suppose d + 36 = 4*p. Suppose -5*b = -42 + p. What is y(b)?
2
Let v(x) = 15*x + 2. Let d(q) = -14*q - 1. Let n(o) = -4*d(o) - 3*v(o). What is n(5)?
53
Let t(p) be the second derivative of 0 + 1/3*p**3 - 9*p + 4*p**2. What is t(-6)?
-4
Let t be -3*(-3)/(-3) + 4. Let a(s) = 4*s - 6. Give a(t).
-2
Let n(g) be the third derivative of g**4/8 - g**3/6 - g**2. Let f be (-6)/(-15)*(11 - 1) + -2. Suppose f = -5*l - 3*w, 3*l = 4*w + 2 - 9. Calculate n(l).
-4
Let n = 794 - 786. Let m(v) = -2*v**2 + 14*v + 9. Determine m(n).
-7
Let y = 5 + -3. Let c(w) = w**y + w**3 - 3*w**2 + 17*w - 18*w. Give c(-1).
-2
Let y be (-114)/(-22) + (-10)/55. Suppose 8 = y*p - 12. Let v(i) be the second derivative of i**5/20 - i**4/4 - i**3/3 + 3*i**2/2 + 6*i. Determine v(p).
11
Let w(j) = -j**3 + j**2 + 3*j + 4. Let u be (-4)/22 - (-200)/11. Let o = u + -12. Suppose -o*r + 9 = -3*r. Give w(r).
-5
Let p(b) = -5*b - 1. Suppose -y = -3*v + 33 + 18, 4*v = y + 67. Let r = v + -19. Determine p(r).
14
Let g(c) = -15*c**3 - 2*c - 19*c**3 + 2 + 3*c**2 + 33*c**3. Let t be 4*(0 + 12/16). What is g(t)?
-4
Let x(f) be the first derivative of 5*f + 25 + 4/3*f**3 - 1/4*f**4 + 3/2*f**2. Calculate x(5).
-5
Suppose 1 = 2*j - h + 2*h, 4*h - 4 = j. Let u(n) = -n**2 - n**3 + 2*n**2 + 9 + 0*n**3. Calculate u(j).
9
Let g(p) be the third derivative of -p**5/60 + p**4/3 + 2*p**3/3 + 2*p**2 - 58. Calculate g(8).
4
Suppose -4*u = 2*i - 40, 0 = i - 2*u + 5*u - 16. Suppose -10*s - 12 = i. Let f(k) = -k**3 - 3*k**2 + 3*k + 1. Determine f(s).
5
Let d be (-2)/9 + (-6)/(-27). Let s(w) = 7*w**2 + 57*w - 15. Let l(h) = -11*h**2 - 91*h + 23. Let k(j) = -5*l(j) - 8*s(j). Calculate k(d).
5
Suppose -c - 3 + 10 = 0. Let z(b) = 7*b + 2*b**2 + 15147*b**3 - 2*b + 4*b**2 - 15148*b**3 + 0*b. Calculate z(c).
-14
Let h(s) = s**3 - 6*s**2 + 6*s - 4. Suppose 25*x - 32 = 17*x. Determine h(x).
-12
Suppose 2*b + 1705 = 1723. Let d(g) be the third derivative of 0 + 0*g - 1/60*g**5 + 1/6*g**4 - b*g**2 + 2/3*g**3. Give d(3).
7
Let c(v) = v**3 + 2*v**2 + 3*v + 3. Let o be (2/(-4))/(8/(-16)). Suppose 0 + o = m. Let l(j) = j - 3. Let n be l(m). What is c(n)?
-3
Let a(f) = 7*f**2 - f - 2. Let l(g) = 15*g**2 - g - 1. Let k(d) = -4 - 5 + 4 + 4. Let p(w) = 4*k(w) + l(w). Let o(u) = 13*a(u) - 6*p(u). Give o(4).
-8
Let o(q) = -q**3 + 3*q**2 - 3*q + 1. Let s be (-1)/(-2) - 84/(-56). Determine o(s).
-1
Let h(j) be the third derivative of j**6/120 - j**5/15 + j**4/8 + j**3/3 - 6*j**2. Let i be h(3). Let g(b) = -6 + b + i - 2*b. What is g(0)?
-4
Let k be (418/55 + -7)*-5. Let j(m) = 3*m. Let n(t) = 4*t. Let c(p) = -7*j(p) + 5*n(p). What is c(k)?
3
Suppose -15*i - 11*i + 78 = 0. Let j(u) = 2*u + 1. Determine j(i).
7
Let p(a) = -2*a**2 - 3*a + 1. Suppose -364 = 13*h + 507. Let o = h + 64. Calculate p(o).
-8
Let o(d) = -d**3 - 26*d**2 - 25*d + 8. Let n = 2627 + -2652. Determine o(n).
8
Suppose -25*n = -1 - 149. Let d(z) = -5*z - 11. Calculate d(n).
-41
Let s(j) = -j - 15. Let f be s(-7). Let p(m) = 5*m + m - 10 + m - 17*m - m**2. Calculate p(f).
6
Suppose 2*h - 32 = 4*j, 5*h = -4*j + 55 - 3. Let r(l) = -l + 14. Determine r(h).
2
Let q(v) = -5*v**3 - 12*v**2 + 14*v - 5. Let a(n) = 3*n**3 + 8*n**2 - 9*n + 3. Let u(o) = 8*a(o) + 5*q(o). Calculate u(2).
3
Let d(j) = -2*j + 9. Let u be (-6)/21 - (-108)/(-14). Calculate d(u).
25
Suppose 4*t + 2*z = 2, 0 = 3*t + 5*z + 6 - 25. Let k be 76/18 - 12/54. Let p(l) = 8 - 9 - 2*l**2 - k*l**3 + 2*l**3. What is p(t)?
7
Let x(s) = -s**3 - 8*s**2 + 3*s + 6. Let m(j) = -21*j**2 + 7*j + 13 - j**3 - j**3 - 18*j**2 + 22*j**2. Let y(l) = -3*m(l) + 7*x(l). Determine y(-5).
3
Let o(s) = -s**2 - 1. Let w(m) = -m**3 - 3*m**2 + 7*m - 5. Let n(a) = -2*o(a) - w(a). Calculate n(-6).
13
Let k(g) = 2*g**2 - 2. Suppose 32 = y - 5*t + 24, -y = -3*t - 6. What is k(y)?
16
Let x(r) = -5*r + 5. Suppose 4*w - 3*w - 5 = -f, -5*f = -2*w - 18. Suppose 0 = -f*p - 21 + 41. Calculate x(p).
-20
Let j be (1 - (-6)/12)*-2. Let x(l) = l**3 + 2*l**2 + l**2 - 2*l - 5 + 1. Determine x(j).
2
Let j(x) be the first derivative of x**3 - x - 932. Calculate j(4).
47
Let b(v) = 5*v - 26. Let t(o) = 9*o - 48. Let j(u) = 11*b(u) - 6*t(u). Give j(-3).
-1
Let f be (-2)/(6/(-10) + (-7)/105). Let g(x) = 11*x - 6. Give g(f).
27
Let q = -18 + 21. Suppose -3*h + q = -4*h. Let a(z) = -z**3 - 2*z**2 + z - 3. Give a(h).
3
Let s = -58 - -58. Suppose 8*n - 13*n - 25 = s. Let y(l) = -l**3 - 4*l**2 + 6*l + 3. Determine y(n).
-2
Let o(i) = i**3 - 3*i**2 - 3*i - 2. Let q = 1171 - 1167. What is o(q)?
2
Let j(w) = w**2 + 16*w + 33. Let i be j(-14). Let x(h) = h**3 - 6*h**2 + 5*h - 6. What is x(i)?
-6
Let v(z) = -13*z - 1. Let f(w) = 41*w**2 + w. Let d be f(-1). Let t be 6/10 - -16*(-4)/d. What is v(t)?
12
Suppose -2*c + 3*f = -10, -29 = 5*c + 5*f - 4. Let t = c - -3. Let h(i) = -10*i**3 + 10*i**3 - 2*i**t - 8*i**3 - i. Determine h(-1).
7
Let r(l) = 2*l + 2. Suppose 735 = 9*p - 2*p. Let i be (-7)/(p/(-66)) + 9/15. Calculate r(i).
12
Let i = -5 - -2. Let m(r) = -216*r**2 - r + 2 - r**3 - 222*r**2 + 434*r**2 + 0. Determine m(i).
-4
Let m = 2 - -20. Let k = -29 + m. Let p(f) = -f - 5. Calculate p(k).
2
Let l = 19 + -39. Let o be 22/8 - 5/l. Let p(g) = -2*g + g**o + 2 + 5*g**2 + 3*g + 2 + 0*g. What is p(-5)?
-1
Let r(d) = d + 18. Let m be r(-16). Let j = m - 3. Let n(y) = 3*y**3 + 2*y**2 + 2*y + 1. Determine n(j).
-2
Suppose 71*c - 4*w + 2 = 72*c, -3*w = -3. Let n(g) be the third derivative of g**5/10 - g**4/8 - g**3/3 + 2*g**2. Give n(c).
28
Let f = 16 + -19. Let n be 1*f - (-20)/4. Suppose -3*b + 3*t = -b + 9, -4*b = -n*t - 2. Let z(m) = m - 2. What is z(b)?
1
Let u(x) = 6*x + 1. Let h(q) = q - 1. Let z(o) = -o**3 - 6*o**2 - 2*o - 11. Let y be z(-6). Let g(b) = y*u(b) - 4*h(b). Calculate g(8).
21
Suppose 2*p + 16 = q, -2*p = -4*q + 6 + 16. Suppose 2*h + 2*r + 2 = 6, 16 = 5*h + 2*r. Let m(v) = 3*v - v**3 + h*v + 1 - 8*v**2 + 5 - 13*v. Calculate m(p).
-1
Let i(q) = -2*q**2 + 5*q + 4. Let y(l) = -26*l - 20. Let b be y(-1). Calculate i(b).
-38
Let c(o) = o**3 - 5*o**2 + 4*o - 1. Let v be (-8)/(-21)*-3*49/(-14). Determine c(v).
-1
Let r(o) = -o**2 - 2*o + 14. Let g = 31 + -20. Let d(c) = 2*c**2 + 5*c - 27. Let q(k) = g*r(k) + 6*d(k). What is q(-7)?
-15
Let k = 29 + -26. Suppose k*w = -2*w - 40. Let m(f) = -f**3 - 8*f**2 - f - 4. What is m(w)?
4
Let a(f) = f**3 - 9*f**2 + 10*f - 3. Let x(t) = -7*t + 2 - 10 + 9. Let r be x(-1). Calculate a(r).
13
Let n(f) = 5*f - 1. Let g be 16/(2 - 0)*(-4)/8. Give n(g).
-21
Let w(l) = -4*l - 5 + 4*l**2 + 13 - 5*l - 11. Let u(o) = -9*o**2 + 19*o + 7. Let d(r) = -6*u(r) - 13*w(r). Calculate d(-3).
6
Let f(p) = -p**3 - 12*p**2 - 2*p - 28. Let y be f(-12). Let a be 6/8 + 7/y. Let k(w) = -10*w. Calculate k(a).
10
Let l(r) be the first derivative of -9*r**2/2 + r - 22. Let w(j) = 2*j**2 + 5*j - 4. Let h be w(-3). What is l(h)?
10
Let p(k) = -k - 2*k**2 + 0*k - 11*k**3 - 5*k**3 + 11*k**3. Let f be p(-1). Let x(o) = -o**2 + 3*o - 2. What is x(f)?
-6
Let r(f) = 4*f - 6. Suppose 85*q + 54 = 79*q. Calculate r(q).
-42
Let n(j) = -j**3 + 6*j**2 + j + 1. Let h be n(6). Let y(k) be the third derivative of -k**6/120 + 7*k**5/60 - k**4/12 + k**3/6 - 2*k**2 + 190*k. Determine y(h).
-13
Let s be (21/2 + 45/90)/(-1). Let a(h) = h**2 + 9*h - 24. Calculate a(s).
-2
Let g(s) be the second derivative of s**4/12 - 13*s**3/6 - 2*s**2 + 39*s - 1. Calculate g(13).
-4
Let g(r) = -2*r**2 - 3*r +